{"id":46,"date":"2024-01-02T19:51:35","date_gmt":"2024-01-02T18:51:35","guid":{"rendered":"https:\/\/alvarosalvador.com\/?page_id=46"},"modified":"2024-01-02T19:58:20","modified_gmt":"2024-01-02T18:58:20","slug":"ensayo","status":"publish","type":"page","link":"https:\/\/alvarosalvador.com\/index.php\/ensayo\/","title":{"rendered":"Ensayo"},"content":{"rendered":"\n<h2 class=\"wp-block-heading\"><strong>Edici\u00f3n de Prosas Profanas y otros poemas de Rub\u00e9n Dar\u00edo<\/strong><\/h2>\n\n\n\n<p>Madrid<br>Akal, 1999<\/p>\n\n\n\n<h2 class=\"wp-block-heading\"><strong>Muestra de poes\u00eda hispanoamericana actual (selecc. y ed.)<\/strong><\/h2>\n\n\n\n<p>Diputaci\u00f3n de Granada<br>Colecci\u00f3n Maillot Amarillo, 1998<\/p>\n\n\n\n<h2 class=\"wp-block-heading\"><strong>Edici\u00f3n de Azul&#8230; y Cantos de vida y esperanza de Rub\u00e9n Dar\u00edo<\/strong><\/h2>\n\n\n\n<p>Madrid<br>Espasa Calpe, Colecci\u00f3n Austral, 1992<\/p>\n\n\n\n<h2 class=\"wp-block-heading\"><strong>Introducci\u00f3n al estudio de la literatura hispanoamericana<\/strong><\/h2>\n\n\n\n<p>Coautor con Juan Carlos Rodr\u00edguez<br>Madrid<br>Akal, 1987<br>Segunda edici\u00f3n, 1994<\/p>\n\n\n\n<h2 class=\"wp-block-heading\"><strong>Rub\u00e9n Dar\u00edo y la moral est\u00e9tica<\/strong><\/h2>\n\n\n\n<p>Universidad de Granada, Dpto. Filolog\u00eda Espa\u00f1ola<br>Serie minor, 1986<\/p>\n\n\n\n<h2 class=\"wp-block-heading\"><strong>El juego de hacer versos (estudios sobre J. Gil de Biedma)<\/strong><\/h2>\n\n\n\n<p>Editor junto con Luis Garc\u00eda Montero y A. Jim\u00e9nez Mill\u00e1n<br>M\u00e1laga<br>Litoral, 1986<\/p>\n\n\n\n<h2 class=\"wp-block-heading\"><strong>Antolog\u00eda de la joven poes\u00eda andaluza<\/strong><\/h2>\n\n\n\n<p>Editor junto con A. Jim\u00e9nez Mill\u00e1n y Juvenal Soto<br>M\u00e1laga<br>Litoral, 1982<\/p>\n\n\n\n<h2 class=\"wp-block-heading\"><strong>Para una lectura de Nicanor Parra<\/strong><\/h2>\n\n\n\n<p>Universidad de Sevilla<br>Colecci\u00f3n de Bolsillo, 1975<\/p>\n","protected":false},"excerpt":{"rendered":"<p>Edici\u00f3n de Prosas Profanas y otros poemas de Rub\u00e9n Dar\u00edo MadridAkal, 1999 Muestra de poes\u00eda hispanoamericana actual (selecc. y ed.) Diputaci\u00f3n de GranadaColecci\u00f3n Maillot Amarillo, 1998 Edici\u00f3n de Azul&#8230; y Cantos de vida y esperanza de Rub\u00e9n Dar\u00edo MadridEspasa Calpe, Colecci\u00f3n Austral, 1992 Introducci\u00f3n al estudio de la literatura hispanoamericana Coautor con Juan Carlos Rodr\u00edguezMadridAkal, &hellip; <a href=\"https:\/\/alvarosalvador.com\/index.php\/ensayo\/\" class=\"more-link\">Continuar leyendo<span class=\"screen-reader-text\"> \u00abEnsayo\u00bb<\/span><\/a><\/p>\n","protected":false},"author":1,"featured_media":0,"parent":0,"menu_order":0,"comment_status":"closed","ping_status":"closed","template":"","meta":{"footnotes":""},"class_list":["post-46","page","type-page","status-publish","hentry"],"_links":{"self":[{"href":"https:\/\/alvarosalvador.com\/index.php\/wp-json\/wp\/v2\/pages\/46","targetHints":{"allow":["GET"]}}],"collection":[{"href":"https:\/\/alvarosalvador.com\/index.php\/wp-json\/wp\/v2\/pages"}],"about":[{"href":"https:\/\/alvarosalvador.com\/index.php\/wp-json\/wp\/v2\/types\/page"}],"author":[{"embeddable":true,"href":"https:\/\/alvarosalvador.com\/index.php\/wp-json\/wp\/v2\/users\/1"}],"replies":[{"embeddable":true,"href":"https:\/\/alvarosalvador.com\/index.php\/wp-json\/wp\/v2\/comments?post=46"}],"version-history":[{"count":2,"href":"https:\/\/alvarosalvador.com\/index.php\/wp-json\/wp\/v2\/pages\/46\/revisions"}],"predecessor-version":[{"id":56,"href":"https:\/\/alvarosalvador.com\/index.php\/wp-json\/wp\/v2\/pages\/46\/revisions\/56"}],"wp:attachment":[{"href":"https:\/\/alvarosalvador.com\/index.php\/wp-json\/wp\/v2\/media?parent=46"}],"curies":[{"name":"wp","href":"https:\/\/api.w.org\/{rel}","templated":true}]}}

<h2 class="wp-block-heading"><strong>Edición de Prosas Profanas y otros poemas de Rubén Darío</strong></h2>



<p>Madrid<br>Akal, 1999</p>



<h2 class="wp-block-heading"><strong>Muestra de poesía hispanoamericana actual (selecc. y ed.)</strong></h2>



<p>Diputación de Granada<br>Colección Maillot Amarillo, 1998</p>



<h2 class="wp-block-heading"><strong>Edición de Azul&#8230; y Cantos de vida y esperanza de Rubén Darío</strong></h2>



<p>Madrid<br>Espasa Calpe, Colección Austral, 1992</p>



<h2 class="wp-block-heading"><strong>Introducción al estudio de la literatura hispanoamericana</strong></h2>



<p>Coautor con Juan Carlos Rodríguez<br>Madrid<br>Akal, 1987<br>Segunda edición, 1994</p>



<h2 class="wp-block-heading"><strong>Rubén Darío y la moral estética</strong></h2>



<p>Universidad de Granada, Dpto. Filología Española<br>Serie minor, 1986</p>



<h2 class="wp-block-heading"><strong>El juego de hacer versos (estudios sobre J. Gil de Biedma)</strong></h2>



<p>Editor junto con Luis García Montero y A. Jiménez Millán<br>Málaga<br>Litoral, 1986</p>



<h2 class="wp-block-heading"><strong>Antología de la joven poesía andaluza</strong></h2>



<p>Editor junto con A. Jiménez Millán y Juvenal Soto<br>Málaga<br>Litoral, 1982</p>



<h2 class="wp-block-heading"><strong>Para una lectura de Nicanor Parra</strong></h2>



<p>Universidad de Sevilla<br>Colección de Bolsillo, 1975</p>

<p>Edición de Prosas Profanas y otros poemas de Rubén Darío MadridAkal, 1999 Muestra de poesía hispanoamericana actual (selecc. y ed.) Diputación de GranadaColección Maillot Amarillo, 1998 Edición de Azul&#8230; y Cantos de vida y esperanza de Rubén Darío MadridEspasa Calpe, Colección Austral, 1992 Introducción al estudio de la literatura hispanoamericana Coautor con Juan Carlos RodríguezMadridAkal, &hellip; <a href="https://alvarosalvador.com/index.php/ensayo/" class="more-link">Continuar leyendo<span class="screen-reader-text"> «Ensayo»</span></a></p>
